{"id":2186,"date":"2025-02-19T15:15:58","date_gmt":"2025-02-19T18:15:58","guid":{"rendered":"https:\/\/www.brde.com.br\/palacete\/?page_id=2186"},"modified":"2026-02-26T15:36:59","modified_gmt":"2026-02-26T18:36:59","slug":"visitas-educativas","status":"publish","type":"page","link":"https:\/\/brde.com.br\/palacete\/visitas-educativas\/","title":{"rendered":"Visitas Guiadas"},"content":{"rendered":"\t\t<div data-elementor-type=\"wp-page\" data-elementor-id=\"2186\" class=\"elementor elementor-2186\" data-elementor-post-type=\"page\">\n\t\t\t\t\t\t<section class=\"elementor-section elementor-top-section elementor-element elementor-element-c3c7202 elementor-section-boxed elementor-section-height-default elementor-section-height-default\" data-id=\"c3c7202\" data-element_type=\"section\">\n\t\t\t\t\t\t<div class=\"elementor-container elementor-column-gap-default\">\n\t\t\t\t\t<div class=\"elementor-column elementor-col-50 elementor-top-column elementor-element elementor-element-9fa6deb\" data-id=\"9fa6deb\" data-element_type=\"column\">\n\t\t\t<div class=\"elementor-widget-wrap elementor-element-populated\">\n\t\t\t\t\t\t<div class=\"elementor-element elementor-element-07e2986 elementor-widget elementor-widget-text-editor\" data-id=\"07e2986\" data-element_type=\"widget\" data-widget_type=\"text-editor.default\">\n\t\t\t\t<div class=\"elementor-widget-container\">\n\t\t\t\t\t\t\t<p>As visitas educativas t\u00eam como objetivo promover o di\u00e1logo com grupos de escolas, universidades, institui\u00e7\u00f5es e outros coletivos. Durante as visitas, cada grupo \u00e9 acompanhado por uma mediadora, que explora os aspectos hist\u00f3ricos e art\u00edsticos do Palacete dos Le\u00f5es.<\/p><ul><li>Com dura\u00e7\u00e3o de 40 minutos, os hor\u00e1rios dispon\u00edveis s\u00e3o de ter\u00e7a a quinta, \u00e0s 10h e \u00e0s 15h.<\/li><li>As visitas devem ser agendadas com ao menos dois dias de anteced\u00eancia.<\/li><li>O preenchimento do formul\u00e1rio <strong>n\u00e3o<\/strong> significa o agendamento da visita. Sempre <strong>aguarde a confirma\u00e7\u00e3o da equipe do Espa\u00e7o Cultural BRDE.<\/strong><\/li><\/ul><div><b>\u00a0<\/b><\/div><div><b>PARA AGENDAR SUA VISITA SIGA ESTES PASSOS:<\/b><\/div><div><b>\u00a0<\/b><\/div><p>1.Verifique as datas e hor\u00e1rios dispon\u00edveis atrav\u00e9s dos links: <a href=\"https:\/\/tinyurl.com\/educativas1\">https:\/\/tinyurl.com\/educativas1\u00a0<\/a><\/p><p>*Este calend\u00e1rio n\u00e3o \u00e9 autom\u00e1tico e \u00e9 atualizado a cada 24 horas \u00fateis.<\/p><p>2. Preencha o formul\u00e1rio de visita\u00e7\u00e3o atrav\u00e9s deste link: <a href=\"https:\/\/tinyurl.com\/brdeeducativaform\">https:\/\/tinyurl.com\/brdeeducativaform\u00a0<\/a><\/p><p><strong>Aguarde<\/strong> a confirma\u00e7\u00e3o da reserva por meio do e-mail: palacete@brde.com.br<\/p><p><strong>VISITAS GUIADAS &#8211; P\u00daBLICO GERAL<\/strong><\/p><p>Temos visitas guiadas abertas para o p\u00fablico em geral todas \u00e0s sextas-feiras, \u00e0s 14h.<\/p><ul><li>N\u00e3o necess\u00e1rio agendamento pr\u00e9vio, com limite m\u00e1ximo de 25 pessoas por visita.<\/li><\/ul>\t\t\t\t\t\t<\/div>\n\t\t\t\t<\/div>\n\t\t\t\t\t<\/div>\n\t\t<\/div>\n\t\t\t\t<div class=\"elementor-column elementor-col-50 elementor-top-column elementor-element elementor-element-2b659b5\" data-id=\"2b659b5\" data-element_type=\"column\">\n\t\t\t<div class=\"elementor-widget-wrap elementor-element-populated\">\n\t\t\t\t\t\t<div class=\"elementor-element elementor-element-1ee5068 elementor-widget elementor-widget-image\" data-id=\"1ee5068\" data-element_type=\"widget\" data-widget_type=\"image.default\">\n\t\t\t\t<div class=\"elementor-widget-container\">\n\t\t\t\t\t\t\t\t\t\t\t\t\t<img fetchpriority=\"high\" decoding=\"async\" width=\"769\" height=\"1024\" src=\"https:\/\/brde.com.br\/palacete\/wp-content\/uploads\/2025\/02\/WhatsApp-Image-2025-02-14-at-15.33.40-769x1024.jpeg\" class=\"attachment-large size-large wp-image-2188\" alt=\"\" srcset=\"https:\/\/brde.com.br\/palacete\/wp-content\/uploads\/2025\/02\/WhatsApp-Image-2025-02-14-at-15.33.40-769x1024.jpeg 769w, https:\/\/brde.com.br\/palacete\/wp-content\/uploads\/2025\/02\/WhatsApp-Image-2025-02-14-at-15.33.40-225x300.jpeg 225w, https:\/\/brde.com.br\/palacete\/wp-content\/uploads\/2025\/02\/WhatsApp-Image-2025-02-14-at-15.33.40-768x1023.jpeg 768w, https:\/\/brde.com.br\/palacete\/wp-content\/uploads\/2025\/02\/WhatsApp-Image-2025-02-14-at-15.33.40-1153x1536.jpeg 1153w, https:\/\/brde.com.br\/palacete\/wp-content\/uploads\/2025\/02\/WhatsApp-Image-2025-02-14-at-15.33.40.jpeg 1201w\" sizes=\"(max-width: 769px) 100vw, 769px\" \/>\t\t\t\t\t\t\t\t\t\t\t\t\t<\/div>\n\t\t\t\t<\/div>\n\t\t\t\t\t<\/div>\n\t\t<\/div>\n\t\t\t\t\t<\/div>\n\t\t<\/section>\n\t\t\t\t<\/div>\n\t\t","protected":false},"excerpt":{"rendered":"<p>As visitas educativas t\u00eam como objetivo promover o di\u00e1logo com grupos de escolas, universidades, institui\u00e7\u00f5es e outros coletivos. Durante as visitas, cada grupo \u00e9 acompanhado por uma mediadora, que explora [&hellip;]<\/p>\n","protected":false},"author":5,"featured_media":0,"parent":0,"menu_order":0,"comment_status":"closed","ping_status":"closed","template":"","meta":{"footnotes":""},"class_list":["post-2186","page","type-page","status-publish","hentry"],"_links":{"self":[{"href":"https:\/\/brde.com.br\/palacete\/wp-json\/wp\/v2\/pages\/2186"}],"collection":[{"href":"https:\/\/brde.com.br\/palacete\/wp-json\/wp\/v2\/pages"}],"about":[{"href":"https:\/\/brde.com.br\/palacete\/wp-json\/wp\/v2\/types\/page"}],"author":[{"embeddable":true,"href":"https:\/\/brde.com.br\/palacete\/wp-json\/wp\/v2\/users\/5"}],"replies":[{"embeddable":true,"href":"https:\/\/brde.com.br\/palacete\/wp-json\/wp\/v2\/comments?post=2186"}],"version-history":[{"count":14,"href":"https:\/\/brde.com.br\/palacete\/wp-json\/wp\/v2\/pages\/2186\/revisions"}],"predecessor-version":[{"id":2750,"href":"https:\/\/brde.com.br\/palacete\/wp-json\/wp\/v2\/pages\/2186\/revisions\/2750"}],"wp:attachment":[{"href":"https:\/\/brde.com.br\/palacete\/wp-json\/wp\/v2\/media?parent=2186"}],"curies":[{"name":"wp","href":"https:\/\/api.w.org\/{rel}","templated":true}]}}